= 246 + -246. Suppose d = i - p - 156. What is the tens digit of i?
1
Suppose 200*g - 472456 = -1256. What is the thousands digit of g?
2
Let i(a) = -1855*a + 13542. What is the thousands digit of i(-26)?
1
Suppose 20381 + 13903 = 12*v. What is the hundreds digit of v?
8
Let u(g) = 2*g. Let k be u(1). Suppose m + 67 = q - k*q, 3*q = -2*m - 136. Let a = m - -305. What is the tens digit of a?
4
Suppose 3*n + c - 38374 = 0, -4*c = -5*n + 32280 + 31705. What is the thousands digit of n?
2
Suppose -3*i + 166 = 3*m - 233, 2*m - 2*i = 282. Let q = 368 - m. What is the hundreds digit of q?
2
Suppose 1687 - 1823 = -q. Suppose -2*t + 464 = -q. What is the tens digit of t?
0
Suppose 33*a - 36*a = -15. Suppose -3*v + 8*v = -3*t + 1838, -a*t + 3046 = 4*v. Suppose -t = -13*n + 96. What is the tens digit of n?
5
Let h = 321 + 387. What is the tens digit of h?
0
Suppose 0 = 5*a + 3*y - 9, 5*y - y = -4*a + 12. Let w(x) = 4*x + 1325. What is the tens digit of w(a)?
2
Suppose -2*a - 6 = -5*a. Suppose -a*o + 62 = -66. What is the units digit of o?
4
Let k = 11125 + 14985. What is the units digit of k?
0
Suppose 24*o - 35*o = -138248. What is the units digit of o?
8
Suppose 8*h - 3*h = 3*x + 14, 0 = -5*x + 10. Let k(s) = 3*s**2 + 14*s - 8. Let v be k(h). What is the tens digit of v + (0 - 4/(-1))?
0
Let u(i) = 19*i - 225. Let x be u(12). Suppose 4*b - 840 = x*m, -5*m = -5*b + 308 + 742. What is the units digit of b?
0
Let m be ((5 - 4) + -1)/1. Suppose q + 19*l = 17*l + 703, 5*q - 5*l - 3545 = m. What is the units digit of q?
7
Suppose 0 = -2*w + 7*p - 3*p + 30, 0 = 2*w - 2*p - 20. Suppose -w*g = -11 - 64. Let m(k) = 2*k - 13. What is the tens digit of m(g)?
1
Let z(g) = 4*g**2 + 44*g - 105. What is the tens digit of z(13)?
4
Suppose 55*z + 2*s + 98 = 56*z, 5*z = 3*s + 476. Let u = 33 - -1. Let r = z - u. What is the units digit of r?
0
Suppose -4*m - 74 = -50. What is the hundreds digit of m*((-70)/15 + 5) + 616?
6
Suppose -120*a + 177*a = 2550237. What is the units digit of a?
1
Let b = 47 + -46. Let t = 5 - b. Suppose 52 - 286 = -2*x + 3*v, t*x - 468 = -4*v. What is the hundreds digit of x?
1
Let j(c) be the first derivative of 15*c**2/2 - 124*c + 22. What is the tens digit of j(10)?
2
Let f(x) = 203*x + 194. Let c(s) = 409*s + 390. Let t(v) = 3*c(v) - 7*f(v). What is the hundreds digit of t(-9)?
5
Suppose -16*j - 298 = -18*j. Suppose -144*t + j*t = 1670. What is the tens digit of t?
3
Suppose -67 + 47 = -2*m. Suppose -m = b + 2. What is the units digit of (5 + 25)*b/(-2)?
0
Suppose h - 3*x - 512 = 0, -2*h - 2*x = -7*x - 1029. Suppose -2*o + 4*o = 3*z - 1571, -4*o - h = -z. What is the hundreds digit of z?
5
Suppose 3*n - 920 - 2640 = -2*n. Let w(f) = 3*f**2 - 1. Let j be w(1). Suppose j*d = -2*d + n. What is the tens digit of d?
7
Let w = 24496 - 9573. What is the hundreds digit of w?
9
Suppose 2*z + 3*s - 104496 = 0, -3*z + 120383 = -5*s - 36380. What is the tens digit of z?
5
Let m(w) = w**3 - 4*w**2 - 12*w + 7. Let n(t) = t**3 - 4*t**2 - 10*t + 9. Let c(k) = -4*m(k) + 5*n(k). Suppose 5*v + 6 - 46 = 0. What is the tens digit of c(v)?
5
Suppose 31*s - 13033 = -385. Let t = s + -231. What is the units digit of t?
7
Let i(v) = -3 + 87*v**2 + 59*v**2 - 129*v**2 - 2. What is the units digit of i(-3)?
8
What is the ten thousands digit of 4140/(-460) - -622*(27 - 0)?
1
Suppose 4*w - 62 = 5*v, 78 = -4*v + 3*w + 29. Let l(c) = 14*c + 60. Let a(r) = -5*r - 20. Let p(k) = 17*a(k) + 6*l(k). What is the tens digit of p(v)?
3
Suppose -340 = -5*r + z, z = 2*r - 0*z - 136. Suppose -10*c + r = -362. Let o = c - 15. What is the units digit of o?
8
Suppose 4 = 2*m + 2*x, -4*m + 5*x - 2 = -10. Suppose -n + m = -0, 4*n = 3*k - 1702. What is the units digit of k?
0
Suppose -4*r - 8260 = -4*b, -b + 2068 = 22*r - 20*r. Suppose -13*t + 2783 + b = 0. What is the hundreds digit of t?
3
Let o = -6 - -8. Suppose o*w - 2 + 0 = -2*h, 5*h + 3 = -w. Suppose w*s + 3*r + 16 = 78, 2*r + 174 = 5*s. What is the tens digit of s?
3
Suppose 138*u + 2395 = 139*u. Suppose 45*r - u = 40*r. What is the units digit of r?
9
Let v(d) = 122*d**2 + 58*d + 36. What is the hundreds digit of v(-10)?
6
Let a(i) = 199*i**2 - 3*i - 12. Let x(u) = -100*u**2 + u + 6. Let r(w) = 3*a(w) + 5*x(w). What is the hundreds digit of r(-2)?
3
Let v(a) = a**2 - 14*a + 9. Let b be v(13). Let r be 2/(-2 - (35/(-10) - -2)). What is the units digit of -4 - (-28 + b/r)?
3
Suppose 2607*n = 2589*n + 149778. What is the hundreds digit of n?
3
What is the ten thousands digit of 346836/13 + (-776)/(-2522)?
2
Suppose 4*t + 50 + 90 = -5*c, -2*t + 4*c - 96 = 0. Let p = t + 60. What is the units digit of 2270/25 - (-4)/p?
1
Let w be (-63)/84 - (-3)/4. Suppose 6*p + w*p = 1914. What is the units digit of p?
9
Suppose f - 2927 = -2*o, 3135 = 4*o - 3*f - 2724. Suppose o = 3*h + 2*h + c, 2*h = -2*c + 584. What is the tens digit of h?
9
Let w(s) = 8*s**3 - 9*s**2 + 14*s - 77. Suppose -12*j + 11*j + 6 = 0. What is the hundreds digit of w(j)?
4
Let x(b) = -21*b**3 - 554*b**2 - 57*b - 51. What is the units digit of x(-27)?
5
Let b(z) = z**3 - 2*z**2 + 2*z. Let q = 22 - 22. Suppose 5*t + 4*g = 3*t + 16, q = 3*g - 6. What is the units digit of b(t)?
0
Let m = -78079 + 110315. What is the tens digit of m?
3
Let v(n) = 4*n**2 - 5*n**2 - 8 - 8 + 732*n - 720*n. Let c be v(13). Let k = 130 + c. What is the units digit of k?
1
Let c(r) = r**3 - 2*r**2 - 20*r - 24. What is the hundreds digit of c(11)?
8
Let v be 15/(5 + 0)*16/(-6). Let o(f) = -127*f - 10. What is the hundreds digit of o(v)?
0
Let l(t) = -10*t**2 + 19*t + 20. Let i(y) = -3*y**2 + 6*y + 7. Let w(c) = -7*i(c) + 2*l(c). Let j be w(5). What is the tens digit of ((-6)/j)/(11/154)?
2
Let l be (-40)/15 + (-2)/(-3). Let p be 25/(l/2*-1). Suppose -b + p = -0*b. What is the units digit of b?
5
Let k(n) be the second derivative of 69/2*n**2 + 0 + 7/6*n**3 - 13*n. What is the units digit of k(22)?
3
Let g = -9588 - -34854. What is the ten thousands digit of g?
2
Suppose d - 12 = -5*d. Suppose 2*u + 4*m - 1168 = 8*m, d*u - 1133 = -3*m. What is the tens digit of u?
7
Let v = 52545 + -21976. What is the ten thousands digit of v?
3
Let z = -2624 + 6985. What is the units digit of z?
1
Let g be (-3)/6 + (-3)/(-6). Suppose g = -2*h + 4*m + 10, 0 = 2*h - h - 4*m - 5. Suppose -h*o = -43 - 107. What is the tens digit of o?
3
Let p be -8 + 3726/42 - 2/(-7). Suppose -1856 = -p*b + 73*b. What is the units digit of b?
2
Suppose 7*y - 32 = -y. Let s be -1 + y + 6/(-3). What is the units digit of 1*(s - 0) - -51?
2
Suppose -5*b + 5*d = -0*b - 30, -17 = 3*b + 4*d. Let n(u) = -b + 91*u + u**2 - 91*u. What is the units digit of n(2)?
3
What is the hundreds digit of 28*-6135*19/(-228)?
3
Suppose 7906 + 353901 = 34*u - 91481. What is the thousands digit of u?
3
Suppose 2*f + 3*c - 42417 = 0, 0 = 52*f - 57*f + 2*c + 105995. What is the tens digit of f?
0
Let a(k) = -k**2 + k - 37. Let n be a(-13). Let h = -13 - n. What is the units digit of h?
6
Suppose 23*n = 29249 - 3328. Suppose 3*g - 4847 = -n. What is the hundreds digit of g?
2
Let q = 63 - 61. Suppose q*t = 5*t - 12. Suppose -t*p = -l - 2, -2*l - 2*p + 78 = 3*l. What is the tens digit of l?
1
Let w = -3 + 3. Suppose -5*g + s + 2414 = 114, w = -s. What is the hundreds digit of g?
4
Suppose -3114400 = -109*c - 27*c. What is the units digit of c?
0
Suppose -5*k - 4*l + 0 = 267, -k - 57 = 2*l. Let o = 719 + k. What is the hundreds digit of o?
6
Suppose -38*t - 136160 = -49*t + 7192. What is the ten thousands digit of t?
1
Suppose -14*h - 8*h + 98388 = -77722. What is the tens digit of h?
0
Let b(h) be the first derivative of 3*h**2 - 18*h - 12. Let a be b(6). Suppose 3*t - t - a = 0. What is the units digit of t?
9
Let c = -51243 - -80458. What is the units digit of c?
5
Suppose 22 = 3*v - 5*g - 28, -10 = -2*g. Let k = 20 - v. Let p = 53 + k. What is the tens digit of p?
4
Let i be (-6220)/8*(-20)/50. Let l = 571 - i. What is the units digit of l?
0
Suppose -15*w - 5925 = -20*w. Let v = -795 + w. What is the hundreds digit of v?
3
Let h be 4/24 - ((-291)/(-18) - 0). Let k(o) = -5*o**2 - 11*o + 14. Let c be k(h). What is the tens digit of c/(-8) + 6 + (-50)/8?
3
Let m be (-8 + 15 - (5 + 1)) + -1. Suppose 7*v - 8 = 3*v, -3*h + v + 2332 = m. What is the tens digit of h